{"id":2,"date":"2010-10-18T15:40:18","date_gmt":"2010-10-18T15:40:18","guid":{"rendered":"http:\/\/beureux.fr\/blog\/\/?page_id=2"},"modified":"2018-02-07T11:03:27","modified_gmt":"2018-02-07T10:03:27","slug":"about","status":"publish","type":"page","link":"http:\/\/beureux.fr\/blog\/?page_id=2","title":{"rendered":"A propos"},"content":{"rendered":"<p>Ce blog est strictement d\u00e9di\u00e9 \u00e0 mon usage personnel et \u00e0 celui des membres de ma famille. Il ne refl\u00e8te en aucun cas les opinions de mon employeur.<\/p>\n","protected":false},"excerpt":{"rendered":"<p>Ce blog est strictement d\u00e9di\u00e9 \u00e0 mon usage personnel et \u00e0 celui des membres de ma famille. Il ne refl\u00e8te en aucun cas les opinions de mon employeur.<\/p>\n","protected":false},"author":1,"featured_media":0,"parent":0,"menu_order":0,"comment_status":"open","ping_status":"open","template":"","meta":[],"_links":{"self":[{"href":"http:\/\/beureux.fr\/blog\/index.php?rest_route=\/wp\/v2\/pages\/2"}],"collection":[{"href":"http:\/\/beureux.fr\/blog\/index.php?rest_route=\/wp\/v2\/pages"}],"about":[{"href":"http:\/\/beureux.fr\/blog\/index.php?rest_route=\/wp\/v2\/types\/page"}],"author":[{"embeddable":true,"href":"http:\/\/beureux.fr\/blog\/index.php?rest_route=\/wp\/v2\/users\/1"}],"replies":[{"embeddable":true,"href":"http:\/\/beureux.fr\/blog\/index.php?rest_route=%2Fwp%2Fv2%2Fcomments&post=2"}],"version-history":[{"count":1,"href":"http:\/\/beureux.fr\/blog\/index.php?rest_route=\/wp\/v2\/pages\/2\/revisions"}],"predecessor-version":[{"id":96,"href":"http:\/\/beureux.fr\/blog\/index.php?rest_route=\/wp\/v2\/pages\/2\/revisions\/96"}],"wp:attachment":[{"href":"http:\/\/beureux.fr\/blog\/index.php?rest_route=%2Fwp%2Fv2%2Fmedia&parent=2"}],"curies":[{"name":"wp","href":"https:\/\/api.w.org\/{rel}","templated":true}]}}